{"id":24,"date":"2020-05-03T04:44:45","date_gmt":"2020-05-03T04:44:45","guid":{"rendered":"http:\/\/www.grupoinmobiliariosanisidro.com\/home\/contacto\/"},"modified":"2020-05-13T23:35:34","modified_gmt":"2020-05-14T04:35:34","slug":"contactenos","status":"publish","type":"page","link":"http:\/\/www.grupoinmobiliariosanisidro.com\/home\/contactenos\/","title":{"rendered":"Cont\u00e1ctenos"},"content":{"rendered":"\n<p>Para consultas comun\u00edcate al siguientes n\u00fameros de celular o env\u00edanos un correo:<\/p>\n\n\n\n<ul><li>Cel.: 944247582<\/li><li>Telf.: 6057799<\/li><li>Email: <a rel=\"noreferrer noopener\" href=\"mailto:ventas@grupoinmobiliariosanisidro.com.pe\" target=\"_blank\">ventas@grupoinmobiliariosanisidro.com<\/a><\/li><\/ul>\n\n\n\n<p>Y s\u00ed desea realizar una visita a los departamentos puede separar su cita en el siguiente calendario.<\/p>\n\n\n\n<pre class=\"wp-block-preformatted\"><div id=\"booking-package-locale-es_ES\" class=\"start_booking_package\" data-ID=\"3\"><div id=\"booking_package_json_format_error_panel\" class=\"hidden_panel\"><p><\/p><p><\/p><\/div><div id=\"booking_package_nonce_error_panel\" class=\"booking_package_nonce_error hidden_panel\"><p>The AJAX failed or the nonce verification failed.  If you encounter this error repeatedly, it is possible that access is being blocked by a security-related plugin. Please try changing the values of \"<b>Select the URL for AJAX on the public page<\/b>\" and \"<b>Select a function to validate the value of a nonce with AJAX on the public page<\/b>\" in Booking Package > General Settings.<\/p><\/div><div id=\"booking-package-id-3\" class=\"\"><div id=\"booking-package-memberActionPanel\" class=\"hidden_panel\"><div class=\"userTopButtonPanel\"><label class=\"displayName\"><\/label><div id=\"booking-package-register\" class=\"register\">Crear una cuenta<\/div><div id=\"booking-package-login\" class=\"login\">Iniciar sesi\u00f3n<\/div><div id=\"booking-package-logout\" class=\"logout hidden_panel\">Cerrar sesi\u00f3n<\/div><div id=\"booking-package-edit\" class=\"edit\">Editar mi perfil<\/div><div id=\"booking-package-bookedHistory\" class=\"edit\">Historial de reservas<\/div><div id=\"booking-package-subscribed\" class=\"edit\">Subscribed items<\/div><\/div><form name=\"booking-package-loginform\" id=\"booking-package-loginform\" action=\"http:\/\/www.grupoinmobiliariosanisidro.com\/home\/wp-login.php\" method=\"post\"><p class=\"login-username\">\n\t\t\t\t<label for=\"user_login\">Nombre de usuario o correo electr\u00f3nico<\/label>\n\t\t\t\t<input type=\"text\" name=\"log\" id=\"user_login\" autocomplete=\"username\" class=\"input\" value=\"\" size=\"20\" \/>\n\t\t\t<\/p><p class=\"login-password\">\n\t\t\t\t<label for=\"user_pass\">Contrase\u00f1a<\/label>\n\t\t\t\t<input type=\"password\" name=\"pwd\" id=\"user_pass\" autocomplete=\"current-password\" spellcheck=\"false\" class=\"input\" value=\"\" size=\"20\" \/>\n\t\t\t<\/p><p class=\"login-remember\"><label><input name=\"rememberme\" type=\"checkbox\" id=\"rememberme\" value=\"forever\" \/> Recu\u00e9rdame<\/label><\/p><p class=\"login-submit\">\n\t\t\t\t<input type=\"submit\" name=\"wp-submit\" id=\"wp-submit\" class=\"button button-primary\" value=\"Acceder\" \/>\n\t\t\t\t<input type=\"hidden\" name=\"redirect_to\" value=\"http:\/\/www.grupoinmobiliariosanisidro.com\/home\/contactenos\/\" \/>\n\t\t\t<\/p><\/form>\n    <div id=\"booking-package-user-form\" class=\"hidden_panel\">\n        <div>\n            <div class=\"titlePanel\">\n                <div class=\"title\">Reg\u00edstrate<\/div>\n                <div id=\"booking-package-register_user_return_button\" class=\"material-icons closeButton\" style=\"font-family: 'Material Icons' !important;\">close<\/div>\n            <\/div>\n            <div class=\"inputPanel\">\n                <div>\n                    <label>Nombre de usuario<\/label>\n                    <input type=\"text\" name=\"booking-package-user_login\" id=\"booking-package-user_login\" class=\"input\" value=\"\" size=\"20\">\n                <\/div>\n                <div>\n                    <label>Correo electr\u00f3nico<\/label>\n                    <input type=\"text\" name=\"booking-package-user_email\" id=\"booking-package-user_email\" class=\"input\" value=\"\" size=\"20\">\n                <\/div>\n                <div>\n                    <label>Contrase\u00f1a<\/label>\n                    <input type=\"password\" name=\"booking-package-user_pass\" id=\"booking-package-user_pass\" class=\"input\" value=\"\" size=\"20\">\n                <\/div>\n                <div id=\"booking-package-user_regist_message\"><\/div>\n                <div id=\"booking-package-user_regist_error_message\" class=\"login_error hidden_panel\"><\/div>\n            <\/div>\n            <button id=\"booking-package-register_user_button\" class=\"register_button\">Registro<\/button>\n            <!-- <button id=\"booking-package-register_user_return_button\" class=\"hidden_panel return_button\">Regreso<\/button> -->\n        <\/div>\n    <\/div>\n    \n    <div id=\"booking-package-user-edit-form\" class=\"hidden_panel\">\n        <div>\n            <div class=\"titlePanel\">\n                <div class=\"title\">Perfil<\/div>\n                <div id=\"booking-package-edit_user_return_button\" class=\"material-icons closeButton\" style=\"font-family: 'Material Icons' !important\">close<\/div>\n            <\/div>\n            <div id=\"booking-package-tabFrame\" class=\"tabFrame hidden_panel\">\n                <div class=\"menuList hidden_panel\">\n                    <div id=\"booking-package-user_profile_tab\" class=\"menuItem active\">Perfil<\/div>\n                    <div id=\"booking-package-user_subscribed_tab\" class=\"menuItem\">Art\u00edculos suscritos<\/div>\n                <\/div>\n            <\/div>\n            <div id=\"booking-package-user-profile\" class=\"inputPanel\">\n                <div>\n                    <label>Nombre de usuario<\/label>\n                    <input type=\"text\" name=\"booking-package-user_edit_login\" id=\"booking-package-user_edit_login\" class=\"input\" value=\"\" size=\"20\" disabled>\n                <\/div>\n                <div>\n                    <label>Correo electr\u00f3nico<\/label>\n                    <input type=\"text\" name=\"booking-package-user_edit_email\" id=\"booking-package-user_edit_email\" class=\"input\" value=\"\" size=\"20\">\n                <\/div>\n                <div id=\"booking-package-user_status_field\">\n                    <label>Estado<\/label>\n                    <label>\n                        <input type=\"checkbox\" name=\"booking-package-user_edit_status\" id=\"booking-package-user_edit_status\" class=\"\" value=\"1\">\n                        Aprobado\n                    <\/label>\n                <\/div>\n                <div id=\"booking-package-edit_password_filed\">\n                    <label>Contrase\u00f1a<\/label>\n                    <button id=\"booking-package-user_edit_change_password_button\" class=\"change_user_password_button\">Cambia la contrase\u00f1a<\/button>\n                    <input type=\"password\" name=\"booking-package-user_edit_pass\" id=\"booking-package-user_edit_pass\" class=\"input hidden_panel\" value=\"\" size=\"20\">\n                <\/div>\n            <\/div>\n            <div id=\"booking-package-user-subscribed\" class=\"inputPanel hidden_panel\">\n                <table>\n                    <tbody id=\"booking-package-user_subscribed_tbody\"><\/tbody>\n                <\/table>\n            <\/div>\n            <div>\n                <button id=\"booking-package-edit_user_button\" class=\"update_user_button\">Actualizaci\u00f3n del perfil<\/button>\n                <button id=\"booking-package-edit_user_delete_button\" class=\"delete_user_button\">Borrar<\/button>\n                <!-- <button id=\"booking-package-edit_user_return_button\" class=\"hidden_panel return_button\">Regreso<\/button> -->\n                \n            <\/div>\n        <\/div>\n    <\/div>\n    <input type=\"hidden\" id=\"booking-package-permalink\" value=\"http:\/\/www.grupoinmobiliariosanisidro.com\/home\/contactenos\/\">\n            <\/div><script type=\"text\/javascript\">\nvar booking_package_subscriptions = {\"status\":0};\n<\/script>\n    <div id=\"booking-package_myBookingHistory\" class=\"hidden_panel\">\n        <div class=\"titlePanel\">\n            <div class=\"title\">Historial de reservas<\/div>\n            <div id=\"booking-package-bookingHistory_close_button\" class=\"material-icons closeButton\" style=\"font-family: 'Material Icons' !important;\">close<\/div>\n        <\/div>\n        <div>\n            <table id=\"booking-package_myBookingHistoryTable\">\n                <tr data-head=\"th\">\n                    <th>ID<\/th>\n                    <th>Fecha de reserva<\/th>\n                    <th>Calendario<\/th>\n                    <th>Estado<\/th>\n                <\/tr>\n            <\/table>\n        <\/div>\n        <div class=\"buttonPanel\">\n            \n            <button id=\"booking-package-bookingHistory_returnButton\" class=\"material-icons left_arrow_button\" style=\"font-family: 'Material Icons' !important;\">navigate_before<\/button>\n            <button id=\"booking-package-bookingHistory_nextButton\" class=\"material-icons right_arrow_button\" style=\"font-family: 'Material Icons' !important;\">navigate_next<\/button>\n            \n        <\/div>\n    <\/div>\n    <div id=\"booking-package_myBookingDetails\" class=\"hidden_panel\">\n        <div class=\"titlePanel\">\n            <div class=\"title\">Detalles de la reserva<\/div>\n            <div id=\"booking-package-myBookingDetails_close_button\" class=\"material-icons closeButton\" style=\"font-family: 'Material Icons' !important;\">close<\/div>\n        <\/div>\n        <div id=\"booking-package_myBookingDetails_panel\">\n            \n        <\/div>\n        <div class=\"buttonPanel\">\n            \n            <button id=\"booking-package-myBookingDetails_returnButton\" class=\"returnButton\">Regreso<\/button>\n            <button id=\"booking-package-cancelThisBooking\" class=\"cancel_user_booking_button\">Cancelar reserva<\/button>\n            \n        <\/div>\n    <\/div>\n    <div id=\"booking-package_myBookingDetailsFroVisitor\" class=\"hidden_panel\">\n        <div class=\"titlePanel\">\n            <div class=\"title selectedDate\">Detalles de la reserva<\/div>\n        <\/div>\n        <div class=\"buttonPanel\">\n            <div id=\"myPersonalDetails\" class=\"myPersonalDetails row\" style=\"border-width: 0;\"><\/div>\n            <!--\n            <button class=\"returnButton\">Regresar al calendario<\/button>\n            <button class=\"cancelButton\">Cancelar reserva<\/button>\n            -->\n        <\/div>\n    <\/div>\n<div id=\"booking-package\" class=\"booking-package\">\t<div id=\"booking_package_navigationPage\" class=\"navigationPage\">\t\t<div id=\"booking_package_schedulesPostPage\" class=\"hidden_panel\"><\/div>\t\t<div id=\"booking_package_calendarPostPage\" class=\"hidden_panel\"><\/div>\t\t<div id=\"booking_package_servicesPostPage\" class=\"hidden_panel\"><\/div>\t\t<div id=\"booking_package_visitorDetailsPostPage\" class=\"hidden_panel\"><\/div>\t\t<div id=\"booking_package_confirmPostPage\" class=\"hidden_panel\"><\/div>\t\t<div id=\"booking_package_thanksPostPage\" class=\"hidden_panel\"><\/div>\t<\/div><div id=\"booking-package_servicePage\" class=\"hidden_panel\"><div id=\"booking-package_serviceTitle\" class=\"title borderColor\">Please select a service<\/div><div class=\"list borderColor\"><\/div><\/div><div id=\"booking-package_serviceDetails\" class=\"hidden_panel\"><div class=\"title borderColor\">Service details<\/div><div class=\"list borderColor\"><\/div><\/div><div id=\"\"><\/div>\t<div id=\"booking-package_calendarPage\" class=\"\"><\/div>\t<div id=\"booking-package_durationStay\" class=\"hidden_panel\"><\/div>\t<div id=\"booking-package_schedulePage\" class=\"hidden_panel\">\t\t<div id=\"topPanel\"><\/div>\t\t<div id=\"daysListPanel\"><\/div>\t\t<div id=\"courseMainPanel\"><\/div>\t\t<div id=\"optionsMainPanel\"><\/div>\t\t<div id=\"scheduleMainPanel\"><\/div>\t\t<div id=\"blockPanel\"><\/div>\t\t<div id=\"bottomPanel\">\t\t\t<button id=\"returnToCalendarButton\" class=\"return_button\">Regreso<\/button>\t\t\t<button id=\"returnToDayListButton\" class=\"return_button hidden_panel\">Regreso<\/button>\t\t\t<button id=\"previous_available_day_button\" class=\"hidden_panel\"><\/button>\t\t\t<button id=\"next_available_day_button\" class=\"hidden_panel\"><\/button>\t\t\t<button id=\"nextButton\" class=\"next_button hidden_panel\">Siguiente<\/button>\t\t<\/div>\t<\/div>\t<div id=\"booking-package_inputFormPanel\" class=\"hidden_panel\"><\/div><\/div>\t<div id=\"booking_package_verificationCodePanel\" class=\"hidden_panel\">\t\t<div id=\"booking_package_verificationCodeContent\">\t\t\t<span class=\"notifications\">We sent a verification code to the following address.<\/span> \t\t\t<span class=\"address\"><\/span>\t\t\t<span>Please enter a verification code.<\/span>\t\t\t<input type=\"text\" maxlength=\"6\" placeholder=\"123456\" class=\"form_text\">\t\t\t<button class=\"booking_verification_button\">Verify<\/button>\t\t<\/div>\t<\/div><\/div><\/div>\t<div id=\"bookingBlockPanel\" class=\"hidden_panel\">\t\t<div class=\"\">\t\t\t<div class=\"loader\" class=\"hidden_panel\">\t\t\t\t<svg viewBox=\"0 0 64 64\" width=\"64\" height=\"64\">\t\t\t\t\t<circle id=\"spinner\" cx=\"32\" cy=\"32\" r=\"28\" fill=\"none\"><\/circle>\t\t\t\t<\/svg>\t\t\t<\/div>\t\t<\/div>\t<\/div><!-- Load time: 0.31449580192566 --><div data-key=\"Loading_time\" data-value=\"0.31449580192566\" data-plugin-version=\"1.6.66\" style=\"display: none;\"><\/div><\/pre>\n\n\n\n<p>Si desea alguna informaci\u00f3n adicional no dude en escribirnos, tambi\u00e9n lo puede solicitar usando el siguiente formulario:<\/p>\n","protected":false},"excerpt":{"rendered":"<p>Para consultas comun\u00edcate al siguientes n\u00fameros de celular o env\u00edanos un correo: Cel.: 944247582 Telf.: 6057799 Email: ventas@grupoinmobiliariosanisidro.com Y s\u00ed desea realizar una visita a los departamentos puede separar su cita en el siguiente calendario. Si desea alguna informaci\u00f3n adicional no dude en escribirnos, tambi\u00e9n lo puede solicitar usando el siguiente formulario:<\/p>\n","protected":false},"author":1,"featured_media":0,"parent":0,"menu_order":0,"comment_status":"closed","ping_status":"closed","template":"template-parts\/page-right-sidebar.php","meta":{"footnotes":""},"_links":{"self":[{"href":"http:\/\/www.grupoinmobiliariosanisidro.com\/home\/wp-json\/wp\/v2\/pages\/24"}],"collection":[{"href":"http:\/\/www.grupoinmobiliariosanisidro.com\/home\/wp-json\/wp\/v2\/pages"}],"about":[{"href":"http:\/\/www.grupoinmobiliariosanisidro.com\/home\/wp-json\/wp\/v2\/types\/page"}],"author":[{"embeddable":true,"href":"http:\/\/www.grupoinmobiliariosanisidro.com\/home\/wp-json\/wp\/v2\/users\/1"}],"replies":[{"embeddable":true,"href":"http:\/\/www.grupoinmobiliariosanisidro.com\/home\/wp-json\/wp\/v2\/comments?post=24"}],"version-history":[{"count":34,"href":"http:\/\/www.grupoinmobiliariosanisidro.com\/home\/wp-json\/wp\/v2\/pages\/24\/revisions"}],"predecessor-version":[{"id":467,"href":"http:\/\/www.grupoinmobiliariosanisidro.com\/home\/wp-json\/wp\/v2\/pages\/24\/revisions\/467"}],"wp:attachment":[{"href":"http:\/\/www.grupoinmobiliariosanisidro.com\/home\/wp-json\/wp\/v2\/media?parent=24"}],"curies":[{"name":"wp","href":"https:\/\/api.w.org\/{rel}","templated":true}]}}